{"id":49,"date":"2020-07-19T11:37:07","date_gmt":"2020-07-19T11:37:07","guid":{"rendered":"http:\/\/www.retrokits.de\/?page_id=49"},"modified":"2025-05-08T11:14:38","modified_gmt":"2025-05-08T11:14:38","slug":"the-new-umoma-opens-its-doors-2","status":"publish","type":"page","link":"https:\/\/www.retroianer.de\/","title":{"rendered":"Retroianer.de"},"content":{"rendered":"\t\t<div data-elementor-type=\"wp-page\" data-elementor-id=\"49\" class=\"elementor elementor-49\">\n\t\t\t\t\t\t<section class=\"elementor-section elementor-top-section elementor-element elementor-element-4a628203 elementor-section-boxed elementor-section-height-default elementor-section-height-default\" data-id=\"4a628203\" data-element_type=\"section\" data-e-type=\"section\">\n\t\t\t\t\t\t<div class=\"elementor-container elementor-column-gap-default\">\n\t\t\t\t\t<div class=\"elementor-column elementor-col-100 elementor-top-column elementor-element elementor-element-6ab7065e\" data-id=\"6ab7065e\" data-element_type=\"column\" data-e-type=\"column\">\n\t\t\t<div class=\"elementor-widget-wrap elementor-element-populated\">\n\t\t\t\t\t\t<div class=\"elementor-element elementor-element-f208513 elementor-widget__width-initial elementor-widget elementor-widget-text-editor\" data-id=\"f208513\" data-element_type=\"widget\" data-e-type=\"widget\" data-widget_type=\"text-editor.default\">\n\t\t\t\t<div class=\"elementor-widget-container\">\n\t\t\t\t\t\t\t\t\t<p><\/p>\n<div class=\"wp-block-group alignwide\"><div class=\"wp-block-group__inner-container\">\n<div class=\"wp-block-group__inner-container is-layout-flow wp-block-group-is-layout-flow\">\n<p><\/p>\n<h2 class=\"has-text-align-center has-accent-color has-text-color wp-block-heading\">\u201cRetroianer.de&#8220;<\/h2>\n<p><\/p>\n<\/div>\n<\/div><\/div>\n<p><\/p>\n<p><\/p>\n<p class=\"has-drop-cap\">Willkommen auf meiner privaten Webseite, hier finden sie zahlreiche Projekte rund um den Retro PC, Audio, Massenspeicher, Adapter alles was das Leben leichter macht!<\/p>\n<p><\/p>\n<p><\/p>\n<p>elcome to my private website, on my website you will find numerous projects around the retro PC, audio, mass storage, adapters everything that makes life easier!<\/p>\n<p><\/p>\n<p><\/p>\n<div class=\"wp-block-columns is-layout-flex wp-container-core-columns-is-layout-9d6595d7 wp-block-columns-is-layout-flex\">\n<p><\/p>\n<div class=\"wp-block-column is-layout-flow wp-block-column-is-layout-flow\">\n<p><\/p>\n<h2 class=\"wp-block-heading\">Tandy 3 Voice<\/h2>\n<p><\/p>\n<p><\/p>\n<p>Does your XT have no sound output ? You want a sound that fits to your machine ? The SN76489 on your XT still produces real 3 voice sound like in 1986 on the Tandy 1000.<\/p>\n<p><\/p>\n<p><\/p>\n<p>Ihr XT hat keine Soundkarte ? Sie m\u00f6chten einen Sound der zu ihrer Maschine passt ? Der SN76489 zaubert auf ihren XT still echten 3 Stimmen Sound wie anno 1986 auf dem Tandy 1000.<\/p>\n<p><\/p>\n<\/div>\n<p><\/p>\n<p><\/p>\n<div class=\"wp-block-column is-layout-flow wp-block-column-is-layout-flow\">\n<p><\/p>\n<figure class=\"wp-block-image size-large\"><img fetchpriority=\"high\" decoding=\"async\" width=\"1024\" height=\"413\" class=\"wp-image-87\" src=\"https:\/\/www.retrokits.de\/wp-content\/uploads\/2020\/10\/nano_11-1024x413.jpg\" alt=\"\" srcset=\"https:\/\/www.retroianer.de\/wp-content\/uploads\/2020\/10\/nano_11-1024x413.jpg 1024w, https:\/\/www.retroianer.de\/wp-content\/uploads\/2020\/10\/nano_11-300x121.jpg 300w, https:\/\/www.retroianer.de\/wp-content\/uploads\/2020\/10\/nano_11-768x310.jpg 768w, https:\/\/www.retroianer.de\/wp-content\/uploads\/2020\/10\/nano_11-600x242.jpg 600w, https:\/\/www.retroianer.de\/wp-content\/uploads\/2020\/10\/nano_11.jpg 1280w\" sizes=\"(max-width: 1024px) 100vw, 1024px\" \/><p><\/p>\n<figcaption>Tandy Nano v1.1 DHT<\/figcaption>\n<\/figure>\n<p><\/p>\n<p><\/p>\n<figure class=\"wp-block-image size-large is-resized\"><img decoding=\"async\" class=\"wp-image-91\" src=\"https:\/\/www.retrokits.de\/wp-content\/uploads\/2020\/10\/3voice-1.png\" alt=\"\" width=\"273\" height=\"246\" srcset=\"https:\/\/www.retroianer.de\/wp-content\/uploads\/2020\/10\/3voice-1.png 618w, https:\/\/www.retroianer.de\/wp-content\/uploads\/2020\/10\/3voice-1-300x271.png 300w, https:\/\/www.retroianer.de\/wp-content\/uploads\/2020\/10\/3voice-1-600x543.png 600w\" sizes=\"(max-width: 273px) 100vw, 273px\" \/><p><\/p>\n<figcaption>TNDY 3 Voice Card &#8211; SMD<\/figcaption>\n<\/figure>\n<p><\/p>\n<\/div>\n<p><\/p>\n<\/div>\n<p><\/p>\n<p><\/p>\n<div class=\"wp-block-columns is-layout-flex wp-container-core-columns-is-layout-9d6595d7 wp-block-columns-is-layout-flex\">\n<p><\/p>\n<div class=\"wp-block-column is-layout-flow wp-block-column-is-layout-flow\">\n<p><\/p>\n<figure class=\"wp-block-image size-large\"><img decoding=\"async\" width=\"1024\" height=\"576\" class=\"wp-image-75\" src=\"http:\/\/www.retrokits.de\/wp-content\/uploads\/2020\/07\/fixed-1024x576.jpg\" alt=\"\" srcset=\"https:\/\/www.retroianer.de\/wp-content\/uploads\/2020\/07\/fixed-1024x576.jpg 1024w, https:\/\/www.retroianer.de\/wp-content\/uploads\/2020\/07\/fixed-300x169.jpg 300w, https:\/\/www.retroianer.de\/wp-content\/uploads\/2020\/07\/fixed-768x432.jpg 768w, https:\/\/www.retroianer.de\/wp-content\/uploads\/2020\/07\/fixed-600x338.jpg 600w, https:\/\/www.retroianer.de\/wp-content\/uploads\/2020\/07\/fixed.jpg 1280w\" sizes=\"(max-width: 1024px) 100vw, 1024px\" \/><p><\/p>\n<figcaption>PS\/2 Mouse Converter &#8211; SMD<\/figcaption>\n<\/figure>\n<p><\/p>\n<p><\/p>\n<figure class=\"wp-block-image size-large\"><img loading=\"lazy\" decoding=\"async\" width=\"1024\" height=\"788\" class=\"wp-image-93\" src=\"https:\/\/www.retrokits.de\/wp-content\/uploads\/2020\/10\/rs232_ps2maset-1024x788.jpg\" alt=\"\" srcset=\"https:\/\/www.retroianer.de\/wp-content\/uploads\/2020\/10\/rs232_ps2maset-1024x788.jpg 1024w, https:\/\/www.retroianer.de\/wp-content\/uploads\/2020\/10\/rs232_ps2maset-300x231.jpg 300w, https:\/\/www.retroianer.de\/wp-content\/uploads\/2020\/10\/rs232_ps2maset-768x591.jpg 768w, https:\/\/www.retroianer.de\/wp-content\/uploads\/2020\/10\/rs232_ps2maset-600x462.jpg 600w, https:\/\/www.retroianer.de\/wp-content\/uploads\/2020\/10\/rs232_ps2maset.jpg 1280w\" sizes=\"(max-width: 1024px) 100vw, 1024px\" \/><p><\/p>\n<figcaption>Turbo Mode with Cutemouse and Wheel Support<\/figcaption>\n<\/figure>\n<p><\/p>\n<p><\/p>\n<p><\/p>\n<\/div>\n<p><\/p>\n<p><\/p>\n<div class=\"wp-block-column is-layout-flow wp-block-column-is-layout-flow\">\n<p><\/p>\n<h2 class=\"wp-block-heading\">PS\/2 Converter<\/h2>\n<p><\/p>\n<p><\/p>\n<p>Der PS\/2 auf RS232 Converter erlaubt den Betrieb einer PS\/2 Maus an jedem PC mit serieller Schnittstelle. Somit k\u00f6nnen sie auch an Antiken Ger\u00e4ten in den Genuss einer Vollwertigen Optischen Maus kommen. 100% Kompatibel mit Microsoft Serial Mouse.<\/p>\n<p><\/p>\n<p><\/p>\n<p>The PS\/2 to RS232 Converter allows the operation of a PS\/2 mouse on any PC with a serial interface. So you can enjoy a full-fledged optical mouse even on antique devices. 100% compatible with Microsoft Serial Mouse.<\/p>\n<p><\/p>\n<\/div>\n<p><\/p>\n<\/div>\n<p><\/p>\n<p><\/p>\n<div class=\"wp-block-columns is-layout-flex wp-container-core-columns-is-layout-9d6595d7 wp-block-columns-is-layout-flex\">\n<p><\/p>\n<div class=\"wp-block-column is-layout-flow wp-block-column-is-layout-flow\">\n<p><\/p>\n<h2 class=\"wp-block-heading\">Simple LPTsnd<\/h2>\n<p><\/p>\n<p><\/p>\n<p>Ein Covox Speech Thing Clone. Der Simple LPTsnd erlaubt es alten Rechnern kosteng\u00fcnstig die M\u00f6glichkeit der Audio Ausgabe nachzur\u00fcsten.<\/p>\n<p><\/p>\n<p><\/p>\n<p>Haben sie z.B. ein IBM PS\/2 Modell das nur \u00fcber einen Parallel Port verf\u00fcgt ? Es gibt keine Soundkarten f\u00fcr Micro Channel zu bezahlbaren Preisen ? Ein simpler Covox Clone kostet nicht die Welt und bringt ihnen die M\u00f6glichkeit auf einfache weise Ton aus ihren Rechner zu zaubern.<\/p>\n<p><\/p>\n<\/div>\n<p><\/p>\n<p><\/p>\n<div class=\"wp-block-column is-layout-flow wp-block-column-is-layout-flow\">\n<p><\/p>\n<figure class=\"wp-block-image size-large\"><img loading=\"lazy\" decoding=\"async\" width=\"636\" height=\"798\" class=\"wp-image-96\" src=\"https:\/\/www.retrokits.de\/wp-content\/uploads\/2020\/10\/lptsnd_r2.jpg\" alt=\"\" srcset=\"https:\/\/www.retroianer.de\/wp-content\/uploads\/2020\/10\/lptsnd_r2.jpg 636w, https:\/\/www.retroianer.de\/wp-content\/uploads\/2020\/10\/lptsnd_r2-239x300.jpg 239w, https:\/\/www.retroianer.de\/wp-content\/uploads\/2020\/10\/lptsnd_r2-600x753.jpg 600w\" sizes=\"(max-width: 636px) 100vw, 636px\" \/><p><\/p>\n<figcaption>Simple LPTsnd R2<\/figcaption>\n<\/figure>\n<p><\/p>\n<p><\/p>\n<p><\/p>\n<\/div>\n<p><\/p>\n<\/div>\n<p><\/p>\n<p><\/p>\n<p>A Covox Speech Thing Clone. The Simple LPTsnd allows old computers to be upgraded to audio output at low cost.<\/p>\n<p><\/p>\n<p><\/p>\n<p>Do you have e.g. an IBM PS\/2 model that only has a parallel port ? There are no sound cards for Micro Channel at affordable prices ? A simple Covox clone doesn&#8217;t cost a fortune and gives you the possibility to get sound out of your computer in a simple way<\/p>\n<p><\/p>\t\t\t\t\t\t\t\t<\/div>\n\t\t\t\t<\/div>\n\t\t\t\t\t<\/div>\n\t\t<\/div>\n\t\t\t\t\t<\/div>\n\t\t<\/section>\n\t\t\t\t<\/div>\n\t\t","protected":false},"excerpt":{"rendered":"<p>\u201cRetroianer.de&#8220; Willkommen auf meiner privaten Webseite, hier finden sie zahlreiche Projekte rund um den Retro PC, Audio, Massenspeicher, Adapter alles was das Leben leichter macht! elcome to my private website, on my website you will find numerous projects around the retro PC, audio, mass storage, adapters everything that makes life easier! Tandy 3 Voice Does [&hellip;]<\/p>\n","protected":false},"author":1,"featured_media":48,"parent":0,"menu_order":0,"comment_status":"closed","ping_status":"closed","template":"","meta":{"ocean_post_layout":"","ocean_both_sidebars_style":"","ocean_both_sidebars_content_width":0,"ocean_both_sidebars_sidebars_width":0,"ocean_sidebar":"0","ocean_second_sidebar":"0","ocean_disable_margins":"enable","ocean_add_body_class":"","ocean_shortcode_before_top_bar":"","ocean_shortcode_after_top_bar":"","ocean_shortcode_before_header":"","ocean_shortcode_after_header":"","ocean_has_shortcode":"","ocean_shortcode_after_title":"","ocean_shortcode_before_footer_widgets":"","ocean_shortcode_after_footer_widgets":"","ocean_shortcode_before_footer_bottom":"","ocean_shortcode_after_footer_bottom":"","ocean_display_top_bar":"default","ocean_display_header":"default","ocean_header_style":"","ocean_center_header_left_menu":"0","ocean_custom_header_template":"0","ocean_custom_logo":0,"ocean_custom_retina_logo":0,"ocean_custom_logo_max_width":0,"ocean_custom_logo_tablet_max_width":0,"ocean_custom_logo_mobile_max_width":0,"ocean_custom_logo_max_height":0,"ocean_custom_logo_tablet_max_height":0,"ocean_custom_logo_mobile_max_height":0,"ocean_header_custom_menu":"0","ocean_menu_typo_font_family":"0","ocean_menu_typo_font_subset":"","ocean_menu_typo_font_size":0,"ocean_menu_typo_font_size_tablet":0,"ocean_menu_typo_font_size_mobile":0,"ocean_menu_typo_font_size_unit":"px","ocean_menu_typo_font_weight":"","ocean_menu_typo_font_weight_tablet":"","ocean_menu_typo_font_weight_mobile":"","ocean_menu_typo_transform":"","ocean_menu_typo_transform_tablet":"","ocean_menu_typo_transform_mobile":"","ocean_menu_typo_line_height":0,"ocean_menu_typo_line_height_tablet":0,"ocean_menu_typo_line_height_mobile":0,"ocean_menu_typo_line_height_unit":"","ocean_menu_typo_spacing":0,"ocean_menu_typo_spacing_tablet":0,"ocean_menu_typo_spacing_mobile":0,"ocean_menu_typo_spacing_unit":"","ocean_menu_link_color":"","ocean_menu_link_color_hover":"","ocean_menu_link_color_active":"","ocean_menu_link_background":"","ocean_menu_link_hover_background":"","ocean_menu_link_active_background":"","ocean_menu_social_links_bg":"","ocean_menu_social_hover_links_bg":"","ocean_menu_social_links_color":"","ocean_menu_social_hover_links_color":"","ocean_disable_title":"default","ocean_disable_heading":"default","ocean_post_title":"","ocean_post_subheading":"","ocean_post_title_style":"","ocean_post_title_background_color":"","ocean_post_title_background":0,"ocean_post_title_bg_image_position":"","ocean_post_title_bg_image_attachment":"","ocean_post_title_bg_image_repeat":"","ocean_post_title_bg_image_size":"","ocean_post_title_height":0,"ocean_post_title_bg_overlay":0.5,"ocean_post_title_bg_overlay_color":"","ocean_disable_breadcrumbs":"default","ocean_breadcrumbs_color":"","ocean_breadcrumbs_separator_color":"","ocean_breadcrumbs_links_color":"","ocean_breadcrumbs_links_hover_color":"","ocean_display_footer_widgets":"default","ocean_display_footer_bottom":"default","ocean_custom_footer_template":"0","footnotes":""},"class_list":["post-49","page","type-page","status-publish","has-post-thumbnail","hentry","entry","has-media"],"_links":{"self":[{"href":"https:\/\/www.retroianer.de\/index.php\/wp-json\/wp\/v2\/pages\/49","targetHints":{"allow":["GET"]}}],"collection":[{"href":"https:\/\/www.retroianer.de\/index.php\/wp-json\/wp\/v2\/pages"}],"about":[{"href":"https:\/\/www.retroianer.de\/index.php\/wp-json\/wp\/v2\/types\/page"}],"author":[{"embeddable":true,"href":"https:\/\/www.retroianer.de\/index.php\/wp-json\/wp\/v2\/users\/1"}],"replies":[{"embeddable":true,"href":"https:\/\/www.retroianer.de\/index.php\/wp-json\/wp\/v2\/comments?post=49"}],"version-history":[{"count":26,"href":"https:\/\/www.retroianer.de\/index.php\/wp-json\/wp\/v2\/pages\/49\/revisions"}],"predecessor-version":[{"id":475,"href":"https:\/\/www.retroianer.de\/index.php\/wp-json\/wp\/v2\/pages\/49\/revisions\/475"}],"wp:featuredmedia":[{"embeddable":true,"href":"https:\/\/www.retroianer.de\/index.php\/wp-json\/wp\/v2\/media\/48"}],"wp:attachment":[{"href":"https:\/\/www.retroianer.de\/index.php\/wp-json\/wp\/v2\/media?parent=49"}],"curies":[{"name":"wp","href":"https:\/\/api.w.org\/{rel}","templated":true}]}}